{"id":3,"date":"2021-04-30T18:39:21","date_gmt":"2021-04-30T18:39:21","guid":{"rendered":"http:\/\/stopdiabetes2.dk\/?page_id=3"},"modified":"2021-05-04T07:54:52","modified_gmt":"2021-05-04T07:54:52","slug":"privacy-policy","status":"publish","type":"page","link":"https:\/\/stopdiabetes2.dk\/?page_id=3","title":{"rendered":"Privatlivspolitik"},"content":{"rendered":"\t\t<div data-elementor-type=\"wp-page\" data-elementor-id=\"3\" class=\"elementor elementor-3\">\n\t\t\t\t\t\t<section class=\"elementor-section elementor-top-section elementor-element elementor-element-6a0619d8 elementor-section-boxed elementor-section-height-default elementor-section-height-default\" data-id=\"6a0619d8\" data-element_type=\"section\" data-e-type=\"section\">\n\t\t\t\t\t\t<div class=\"elementor-container elementor-column-gap-default\">\n\t\t\t\t\t<div class=\"elementor-column elementor-col-100 elementor-top-column elementor-element elementor-element-282d3cfa\" data-id=\"282d3cfa\" data-element_type=\"column\" data-e-type=\"column\">\n\t\t\t<div class=\"elementor-widget-wrap elementor-element-populated\">\n\t\t\t\t\t\t<div class=\"elementor-element elementor-element-1ed40a40 elementor-widget elementor-widget-text-editor\" data-id=\"1ed40a40\" data-element_type=\"widget\" data-e-type=\"widget\" data-widget_type=\"text-editor.default\">\n\t\t\t\t<div class=\"elementor-widget-container\">\n\t\t\t\t\t\t\t\t\t\n<h2 class=\"wp-block-heading\">Hvem er vi?<\/h2>\n\n<p>Vores website er: http:\/\/stopdiabetes2.dk.<\/p>\n\n<p>Webstedet drives som et oplysningssted, uden nogle kommercielle interesser, og indsamler i den forbindelse ingen persondata.<\/p>\n\n<p>Kommunikationen til og fra webstedet er krypteret efter https.<\/p>\n\n<p>DPO: dpo@stopdiabetes2.dk<\/p>\n\n<h2 class=\"wp-block-heading\">Forum<\/h2>\n\n<p>Du skal oprette et login for at bruge vores forum. Vi gemmer alene de data du har indtastet, s\u00e5 undg\u00e5 at skrive personf\u00f8lsomme oplysninger i dine indl\u00e6g. I forbindelse med spam-bek\u00e6mpelse gemmer vi din IP-adresse og din &#8216;browser user agent string&#8217;. Disse informationer er ikke personhenf\u00f8rbare.<\/p>\n\n<p>Vi gemmer dine indl\u00e6g s\u00e5 l\u00e6nge du ikke sletter dem.<\/p>\n\n<h2 class=\"wp-block-heading\">Media<\/h2>\n\n<p>Hvis du oploader fotos b\u00f8r du f\u00f8rst fjerne lokationsdata (EXIF GPS), ellers kan andre bes\u00f8gende downloade og udtr\u00e6kke dine lokationsdata.<\/p>\n\n<h2 class=\"wp-block-heading\">Cookies<\/h2>\n\n<p>Du kan for nemheds skyld markere at du vil gemme dit navn, Email-adresse og websted i en cookie. Denne vil v\u00e6re g\u00e6ldende i 1 \u00e5r.<\/p>\n\n<p>N\u00e5r du logger p\u00e5 oprettet vi en midlertidig cookie for at tjekke om din browser accepterer cookies. Denne indeholder ingen personlige data, og slettes n\u00e5r du lukker din browser. Vi opretter ogs\u00e5 cookies hvis du \u00f8nsker at gemme dine login oplysninger, f.eks. ved at markere &#8216;Husk mig&#8217;. Disse vil blive gemt i 14 dage.<\/p>\n\n<h2 class=\"wp-block-heading\">Indhold fra andre websider<\/h2>\n\n<p>N\u00e5r du f\u00f8lger et link til en video eller artikel p\u00e5 en anden webside, svarer det til at du bes\u00f8ger denne anden webside.<\/p>\n\n<p>Andre websteder kan bruge cookies og indsamle data om dig, og eventuelt viser reklamer. Dette er uden for vores kontrol.<\/p>\n\n<h2 class=\"wp-block-heading\">Hvem deler vi data med?<\/h2>\n\n<p>Kun dig og os, som n\u00e6vnt p\u00e5 denne side.<\/p>\n\n<p>Vi bruger et spamfilter som skanner dine indl\u00e6g for mulig spam, og i denne forbindelse bliver dine data maskinl\u00e6st af en trediepartsservice, men der gemmes ingen data om dig.<\/p>\n\t\t\t\t\t\t\t\t<\/div>\n\t\t\t\t<\/div>\n\t\t\t\t\t<\/div>\n\t\t<\/div>\n\t\t\t\t\t<\/div>\n\t\t<\/section>\n\t\t\t\t<\/div>\n\t\t","protected":false},"excerpt":{"rendered":"<p>Hvem er vi? Vores website er: http:\/\/stopdiabetes2.dk. Webstedet drives som et oplysningssted, uden nogle kommercielle interesser, og indsamler i den forbindelse ingen persondata. Kommunikationen til og fra webstedet er krypteret efter https. DPO: dpo@stopdiabetes2.dk Forum Du skal oprette et login for at bruge vores forum. Vi gemmer alene de data du har indtastet, s\u00e5 undg\u00e5 [&hellip;]<\/p>\n","protected":false},"author":1,"featured_media":0,"parent":0,"menu_order":0,"comment_status":"closed","ping_status":"closed","template":"","meta":{"site-sidebar-layout":"default","site-content-layout":"default","ast-site-content-layout":"","site-content-style":"default","site-sidebar-style":"default","ast-global-header-display":"","ast-banner-title-visibility":"","ast-main-header-display":"","ast-hfb-above-header-display":"","ast-hfb-below-header-display":"","ast-hfb-mobile-header-display":"","site-post-title":"","ast-breadcrumbs-content":"","ast-featured-img":"","footer-sml-layout":"","theme-transparent-header-meta":"default","adv-header-id-meta":"","stick-header-meta":"","header-above-stick-meta":"","header-main-stick-meta":"","header-below-stick-meta":"","astra-migrate-meta-layouts":"default","ast-page-background-enabled":"default","ast-page-background-meta":{"desktop":{"background-color":"","background-image":"","background-repeat":"repeat","background-position":"center center","background-size":"auto","background-attachment":"scroll","background-type":"","background-media":"","overlay-type":"","overlay-color":"","overlay-opacity":"","overlay-gradient":""},"tablet":{"background-color":"","background-image":"","background-repeat":"repeat","background-position":"center center","background-size":"auto","background-attachment":"scroll","background-type":"","background-media":"","overlay-type":"","overlay-color":"","overlay-opacity":"","overlay-gradient":""},"mobile":{"background-color":"","background-image":"","background-repeat":"repeat","background-position":"center center","background-size":"auto","background-attachment":"scroll","background-type":"","background-media":"","overlay-type":"","overlay-color":"","overlay-opacity":"","overlay-gradient":""}},"ast-content-background-meta":{"desktop":{"background-color":"var(--ast-global-color-5)","background-image":"","background-repeat":"repeat","background-position":"center center","background-size":"auto","background-attachment":"scroll","background-type":"","background-media":"","overlay-type":"","overlay-color":"","overlay-opacity":"","overlay-gradient":""},"tablet":{"background-color":"var(--ast-global-color-5)","background-image":"","background-repeat":"repeat","background-position":"center center","background-size":"auto","background-attachment":"scroll","background-type":"","background-media":"","overlay-type":"","overlay-color":"","overlay-opacity":"","overlay-gradient":""},"mobile":{"background-color":"var(--ast-global-color-5)","background-image":"","background-repeat":"repeat","background-position":"center center","background-size":"auto","background-attachment":"scroll","background-type":"","background-media":"","overlay-type":"","overlay-color":"","overlay-opacity":"","overlay-gradient":""}},"footnotes":""},"class_list":["post-3","page","type-page","status-publish","hentry"],"_links":{"self":[{"href":"https:\/\/stopdiabetes2.dk\/index.php?rest_route=\/wp\/v2\/pages\/3","targetHints":{"allow":["GET"]}}],"collection":[{"href":"https:\/\/stopdiabetes2.dk\/index.php?rest_route=\/wp\/v2\/pages"}],"about":[{"href":"https:\/\/stopdiabetes2.dk\/index.php?rest_route=\/wp\/v2\/types\/page"}],"author":[{"embeddable":true,"href":"https:\/\/stopdiabetes2.dk\/index.php?rest_route=\/wp\/v2\/users\/1"}],"replies":[{"embeddable":true,"href":"https:\/\/stopdiabetes2.dk\/index.php?rest_route=%2Fwp%2Fv2%2Fcomments&post=3"}],"version-history":[{"count":5,"href":"https:\/\/stopdiabetes2.dk\/index.php?rest_route=\/wp\/v2\/pages\/3\/revisions"}],"predecessor-version":[{"id":589,"href":"https:\/\/stopdiabetes2.dk\/index.php?rest_route=\/wp\/v2\/pages\/3\/revisions\/589"}],"wp:attachment":[{"href":"https:\/\/stopdiabetes2.dk\/index.php?rest_route=%2Fwp%2Fv2%2Fmedia&parent=3"}],"curies":[{"name":"wp","href":"https:\/\/api.w.org\/{rel}","templated":true}]}}